n 5110 is divided by 138?
4
What is the remainder when 305 is divided by 24?
17
Calculate the remainder when 758 is divided by 219.
101
Calculate the remainder when 1647 is divided by 29.
23
What is the remainder when 2763 is divided by 16?
11
What is the remainder when 111 is divided by 3?
0
What is the remainder when 175 is divided by 49?
28
What is the remainder when 133 is divided by 44?
1
Calculate the remainder when 9840 is divided by 14.
12
What is the remainder when 1821 is divided by 23?
4
What is the remainder when 2629 is divided by 33?
22
What is the remainder when 235 is divided by 16?
11
Calculate the remainder when 445 is divided by 48.
13
Calculate the remainder when 1245 is divided by 115.
95
What is the remainder when 522 is divided by 131?
129
Calculate the remainder when 585 is divided by 85.
75
Calculate the remainder when 1053 is divided by 406.
241
Calculate the remainder when 2612 is divided by 5.
2
What is the remainder when 93 is divided by 42?
9
What is the remainder when 153 is divided by 33?
21
Calculate the remainder when 526 is divided by 48.
46
Calculate the remainder when 15212 is divided by 11.
10
Calculate the remainder when 113 is divided by 24.
17
Calculate the remainder when 22 is divided by 14.
8
Calculate the remainder when 643 is divided by 17.
14
What is the remainder when 206 is divided by 21?
17
What is the remainder when 38 is divided by 13?
12
What is the remainder when 960 is divided by 67?
22
What is the remainder when 1466 is divided by 183?
2
Calculate the remainder when 123 is divided by 38.
9
Calculate the remainder when 662 is divided by 35.
32
Calculate the remainder when 1215 is divided by 32.
31
Calculate the remainder when 65 is divided by 5.
0
Calculate the remainder when 59 is divided by 12.
11
What is the remainder when 75 is divided by 42?
33
Calculate the remainder when 15768 is divided by 21.
18
What is the remainder when 400 is divided by 39?
10
What is the remainder when 495 is divided by 56?
47
What is the remainder when 214 is divided by 7?
4
What is the remainder when 4099 is divided by 82?
81
What is the remainder when 1364 is divided by 250?
114
What is the remainder when 870 is divided by 184?
134
Calculate the remainder when 738 is divided by 151.
134
What is the remainder when 50 is divided by 9?
5
What is the remainder when 3226 is divided by 38?
34
Calculate the remainder when 1378 is divided by 1353.
25
Calculate the remainder when 28 is divided by 3.
1
What is the remainder when 44 is divided by 12?
8
Calculate the remainder when 527 is divided by 19.
14
What is the remainder when 650 is divided by 221?
208
What is the remainder when 229 is divided by 7?
5
Calculate the remainder when 2612 is divided by 5.
2
Calculate the remainder when 150 is divided by 132.
18
What is the remainder when 34 is divided by 33?
1
What is the remainder when 338 is divided by 99?
41
What is the remainder when 70 is divided by 19?
13
What is the remainder when 120 is divided by 15?
0
Calculate the remainder when 260 is divided by 198.
62
What is the remainder when 1273 is divided by 29?
26
What is the remainder when 90 is divided by 14?
6
Calculate the remainder when 623 is divided by 102.
11
What is the remainder when 5772 is divided by 15?
12
Calculate the remainder when 732 is divided by 48.
12
Calculate the remainder when 799 is divided by 40.
39
Calculate the remainder when 665 is divided by 24.
17
Calculate the remainder when 12397 is divided by 39.
34
Calculate the remainder when 911 is divided by 46.
37
What is the remainder when 202 is divided by 155?
47
What is the remainder when 673 is divided by 286?
101
What is the remainder when 17 is divided by 9?
8
Calculate the remainder when 934 is divided by 72.
70
Calculate the remainder when 241 is divided by 4.
1
Calculate the remainder when 71 is divided by 18.
17
Calculate the remainder when 173 is divided by 82.
9
Calculate the remainder when 927 is divided by 15.
12
What is the remainder when 841 is divided by 23?
13
What is the remainder when 70 is divided by 55?
15
Calculate the remainder when 324 is divided by 39.
12
Calculate the remainder when 4890 is divided by 21.
18
Calculate the remainder when 160 is divided by 37.
12
What is the remainder when 271 is divided by 71?
58
What is the remainder when 145 is divided by 78?
67
What is the remainder when 1162 is divided by 11?
7
Calculate the remainder when 206 is divided by 52.
50
Calculate the remainder when 1303 is divided by 5.
3
What is the remainder when 1832 is divided by 67?
23
What is the remainder when 93 is divided by 22?
5
Calculate the remainder when 1889 is divided by 60.
29
Calculate the remainder when 31 is divided by 10.
1
Calculate the remainder when 99 is divided by 47.
5
What is the remainder when 266 is divided by 253?
13
What is the remainder when 4500 is divided by 34?
12
Calculate the remainder when 516 is divided by 14.
12
Calculate the remainder when 433 is divided by 124.
61
What is the remainder when 1375 is divided by 92?
87
What is the remainder when 32 is divided by 16?
0
Calculate the remainder when 2619 is divided by 16.
11
Calculate the remainder when 152 is divided by 69.
14
What is the remainder when 1067 is divided by 7?
3
Calculate the remainder when 813 is divided by 19.
15
What is the remainder when 122 is divided by 25?
22
Calculate the remainder when 284 is divided by 91.
11
Calculate the remainder when 130 is divided by 12.
10
Calculate the remainder when 974 is divided by 16.
14
What is the remainder when 250 is divided by 17?
12
What is the remainder when 645 is divided by 14?
1
Calculate the remainder when 1401 is divided by 8.
1
Calculate the remainder when 56 is divided by 36.
20
Calculate the remainder when 413 is divided by 104.
101
What is the remainder when 5711 is divided by 42?
41
What is the remainder when 4770 is divided by 476?
10
Calculate the remainder when 113 is divided by 5.
3
Calculate the remainder when 264 is divided by 146.
118
What is the remainder when 230 is divided by 27?
14
Calculate the remainder when 2245 is divided by 14.
5
What is the remainder when 90 is divided by 26?
12
Calculate the remainder when 554 is divided by 20.
14
Calculate the remainder when 1676 is divided by 345.
296
What is the remainder when 4543 is divided by 13?
6
What is the remainder when 76613 is divided by 199?
197
What is the remainder when 41 is divided by 25?
16
Calculate the remainder when 60 is divided by 4.
0
What is the remainder when 228 is divided by 13?
7
What is the remainder when 6537 is divided by 408?
9
Calculate the remainder when 352 is divided by 106.
34
Calculate the remainder when 354 is divided by 17.
14
Calculate the remainder when 5857 is divided by 2926.
5
What is the remainder when 9296 is divided by 24?
8
Calculate the remainder when 194 is divided by 99.
95
Calculate the remainder when 306 is divided by 68.
34
What is the remainder when 254 is divided by 80?
14
Calculate the remainder when 1556 is divided by 64.
20
Calculate the remainder when 116 is divided by 38.
2
What is the remainder when 630 is divided by 616?
14
Calculate the remainder when 24 is divided by 8.
0
Calculate the remainder when 31 is divided by 14.
3
What is the remainder when 398 is divided by 80?
78
Calculate the remainder when 698 is divided by 174.
2
What is the remainder when 1031 is divided by 37?
32
What is the remainder when 205 is divided by 52?
49
Calculate the remainder when 2219 is divided by 74.
73
Calculate the remainder when 100 is divided by 17.
15
Calculate the remainder when 148 is divided by 43.
19
Calculate the remainder when 124 is divided by 22.
14
What is the remainder when 298 is divided by 90?
28
Calculate the remainder when 110 is divided by 56.
54
Calculate the remainder when 231 is divided by 9.
6
What is the remainder when 743 is divided by 65?
28
What is the remainder when 14714 is divided by 13?
11
Calculate the remainder when 1117 is divided by 17.
12
What is the remainder when 479 is divided by 22?
17
What is the remainder when 3238 is divided by 79?
78
Calculate the remainder when 5176 is divided by 31.
30
What is the remainder when 441 is divided by 17?
16
What is the remainder when 489 is divided b